ghest common factor of 4192 and 68644?
524
Calculate the greatest common factor of 46202 and 962.
26
What is the highest common factor of 660 and 452364?
132
What is the greatest common divisor of 89059 and 7511?
1073
Calculate the greatest common factor of 18870 and 7030.
370
What is the greatest common factor of 38256 and 144?
48
Calculate the greatest common factor of 2936 and 72.
8
What is the highest common factor of 233416 and 328?
8
Calculate the greatest common divisor of 1789 and 365.
1
What is the highest common divisor of 7 and 19964?
7
Calculate the highest common factor of 562571 and 57.
19
Calculate the highest common factor of 2450 and 55958.
98
What is the greatest common divisor of 45381 and 21?
21
Calculate the greatest common factor of 120 and 660.
60
What is the highest common factor of 60 and 31260?
60
What is the highest common divisor of 551 and 449616?
551
What is the highest common divisor of 812 and 1316?
28
Calculate the greatest common factor of 6437 and 471.
157
Calculate the highest common factor of 570 and 3565.
5
What is the highest common factor of 2988 and 4212?
36
Calculate the highest common divisor of 2675170 and 20.
10
Calculate the greatest common divisor of 6634 and 8453.
107
What is the highest common divisor of 3025 and 215325?
275
What is the greatest common factor of 37 and 101861?
37
Calculate the highest common divisor of 2135 and 2191.
7
What is the highest common divisor of 73010 and 1274?
98
What is the highest common factor of 276232 and 6020?
172
What is the highest common factor of 309 and 9531?
3
Calculate the greatest common factor of 26532 and 1848.
132
What is the greatest common divisor of 744 and 418500?
372
What is the greatest common divisor of 244 and 102358?
122
What is the greatest common divisor of 327 and 24?
3
Calculate the greatest common factor of 7160 and 152.
8
Calculate the highest common divisor of 264 and 1788.
12
Calculate the highest common divisor of 8316 and 931084.
308
Calculate the greatest common factor of 540 and 380865.
15
Calculate the greatest common divisor of 7308 and 8.
4
Calculate the highest common divisor of 501127 and 154.
11
Calculate the highest common divisor of 157970 and 40.
10
Calculate the highest common factor of 20746 and 41.
41
Calculate the greatest common factor of 84 and 3456012.
84
What is the highest common factor of 1212 and 19308?
12
What is the greatest common factor of 697 and 187?
17
What is the highest common factor of 353 and 28593?
353
Calculate the greatest common factor of 439455 and 15.
15
Calculate the greatest common divisor of 25839 and 385803.
891
Calculate the highest common divisor of 9563 and 2489.
131
What is the greatest common factor of 33782 and 160909?
889
Calculate the greatest common factor of 4096 and 56.
8
Calculate the greatest common divisor of 576 and 46944.
288
Calculate the greatest common factor of 55062 and 4599.
63
Calculate the greatest common factor of 63409 and 9.
1
What is the greatest common factor of 320 and 2034880?
320
What is the greatest common divisor of 19665 and 1121?
19
What is the highest common divisor of 34 and 92786?
34
What is the highest common divisor of 2603 and 66101?
19
Calculate the greatest common factor of 528 and 106161.
33
What is the highest common divisor of 12488 and 1148?
28
What is the greatest common divisor of 745966 and 338?
338
What is the greatest common factor of 497 and 2863?
7
Calculate the greatest common divisor of 1918494 and 4770.
954
Calculate the greatest common divisor of 314987 and 241.
241
Calculate the greatest common factor of 260668 and 4.
4
Calculate the highest common factor of 28 and 2506.
14
What is the highest common divisor of 5185 and 39695?
85
What is the greatest common divisor of 720 and 809760?
240
What is the highest common factor of 85 and 25755?
85
Calculate the highest common factor of 135 and 29265.
15
Calculate the greatest common factor of 1690740 and 62.
62
What is the greatest common divisor of 39794 and 19306?
394
Calculate the highest common factor of 9383 and 33.
11
What is the greatest common divisor of 750 and 34375?
125
Calculate the highest common factor of 146 and 12815442.
146
Calculate the greatest common factor of 795 and 2862.
159
Calculate the highest common factor of 12 and 401868.
12
Calculate the highest common divisor of 748 and 4930.
34
What is the greatest common divisor of 2190 and 135?
15
Calculate the highest common divisor of 2995482 and 292.
146
What is the greatest common factor of 23569 and 91?
91
What is the greatest common divisor of 441 and 4868640?
441
Calculate the greatest common divisor of 1375 and 9300.
25
What is the greatest common divisor of 392949 and 63?
9
Calculate the highest common divisor of 15 and 25930.
5
Calculate the greatest common divisor of 13032 and 40.
8
Calculate the greatest common divisor of 848 and 1669288.
424
What is the greatest common divisor of 6596 and 3383?
17
What is the greatest common factor of 141762 and 48?
6
Calculate the highest common divisor of 153 and 241587.
153
What is the greatest common factor of 18112 and 49525?
283
What is the greatest common factor of 11304 and 20052?
36
What is the greatest common divisor of 36 and 196878?
6
What is the highest common divisor of 14527 and 584?
73
What is the greatest common factor of 203 and 14119462?
203
What is the greatest common factor of 4838 and 2378?
82
What is the greatest common factor of 133 and 57456?
133
Calculate the highest common divisor of 59075 and 22525.
425
Calculate the greatest common divisor of 238 and 228208.
34
What is the greatest common factor of 17917 and 1311?
437
Calculate the highest common divisor of 65814 and 1680.
42
Calculate the highest common factor of 22 and 36586.
22
Calculate the highest common divisor of 2735 and 10.
5
Calculate the highest common divisor of 127604 and 23.
23
Calculate the greatest common factor of 39790 and 230.
230
Calculate the greatest common divisor of 248 and 2573.
31
What is the highest common divisor of 253611 and 11997?
279
What is the highest common factor of 25256 and 5544?
616
What is the highest common divisor of 168 and 1513575?
21
What is the greatest common divisor of 1090980 and 1520?
380
Calculate the greatest common divisor of 16128 and 98.
14
Calculate the highest common divisor of 45 and 240.
15
What is the greatest common factor of 408 and 20856?
24
Calculate the greatest common divisor of 3720 and 525.
15
What is the highest common divisor of 842 and 102303?
421
Calculate the highest common divisor of 17125 and 1096.
137
Calculate the highest common factor of 220 and 246895.
55
Calculate the greatest common divisor of 2482 and 22202.
34
What is the highest common factor of 1247 and 5633?
43
What is the highest common factor of 35071 and 323?
17
What is the highest common factor of 7 and 212478?
7
Calculate the greatest common divisor of 1624 and 329266.
406
Calculate the highest common factor of 59432 and 9918.
38
What is the greatest common factor of 44 and 180862?
22
What is the greatest common factor of 4186 and 15925?
91
What is the highest common factor of 680698 and 62?
62
Calculate the greatest common divisor of 500 and 27460.
20
Calculate the highest common factor of 864644 and 440.
44
Calculate the highest common factor of 88 and 46936.
8
What is the greatest common divisor of 444 and 2760348?
444
Calculate the greatest common factor of 13 and 1096160.
13
What is the highest common factor of 20594 and 1526?
14
What is the greatest common divisor of 237259 and 33?
11
Calculate the greatest common factor of 78114 and 41550.
1662
Calculate the greatest common factor of 324 and 53076.
12
Calculate the greatest common factor of 20 and 1789210.
10
What is the greatest common factor of 65712 and 108?
12
What is the greatest common divisor of 650 and 549146?
26
What is the highest common factor of 95 and 603755?
5
Calculate the highest common factor of 280 and 133.
7
What is the greatest common divisor of 46 and 27646?
46
Calculate the greatest common divisor of 1980 and 53715.
15
Calculate the highest common divisor of 191280 and 160.
80
What is the highest common divisor of 12 and 7149246?
6
Calculate the highest common factor of 749